digit of l(-41)?
6
Let u be 415/(-1)*2 - 3. What is the units digit of (1 - 9)/2 - (u - 44)?
3
Let n be ((-14)/(-2) - 54) + 2. What is the tens digit of 0 + ((-22311)/n - (-2)/10)?
9
Suppose -1469 = 2*p + 5*s, s - 1472 = 2*p + 5*s. Let t = p + 1658. What is the tens digit of t?
1
Suppose 4*p = 7*p. Let d = -89 + 94. Suppose d*i - 3*o - 236 = p, -4*i + 171 + 9 = 2*o. What is the units digit of i?
6
Let f(m) = m**2 + m - 38. Let g be f(14). Let p = g - 159. What is the tens digit of p?
1
Suppose -10*x + x + 9984 = -28491. What is the tens digit of x?
7
Let a(c) = -12*c**3 + 11*c**2 + 9*c - 1. Suppose 4*s + 14 = 2*m, 9*s = 8*s - 5*m + 2. What is the tens digit of a(s)?
9
Let t(z) = 72*z**3 + 4*z**2 + 9*z + 81. What is the units digit of t(8)?
3
Suppose -4*b = 3*p - 155158, -p + 112*b = 107*b - 51713. What is the hundreds digit of p?
7
Let p(t) = -t**3 + 40*t**2 + 11*t + 81. What is the units digit of p(25)?
1
Let p = -1269 - -7190. What is the thousands digit of p?
5
Let l = -2508 + 5874. What is the tens digit of l?
6
Suppose 3*j + 132 = 14*j. Suppose 4*u = 2*o - j, -4*u - 8 = -3*o - 3*u. What is the units digit of (0 + o)*(567/(-6))/(-9)?
1
Let s = -145 - -142. What is the tens digit of 827/s*-1 + (-12)/18?
7
Suppose 3*d + 4*n - 32247 = 0, 11*d - 5*n = 17*d - 64494. What is the thousands digit of d?
0
Let h(q) = 115*q**2 - 15*q - 281. What is the tens digit of h(21)?
1
Suppose 2*w + 269 = 47. Let t(r) = 31*r - 136. Let v be t(11). Let y = v + w. What is the units digit of y?
4
Suppose -2*o = 3*f - 14583, -20*o = -17*o - 2*f - 21907. What is the thousands digit of o?
7
Let y(a) = a**3 + 8*a**2 - a - 2. Let u = 36 - 40. Let s be y(u). Suppose b + 2*b = s. What is the units digit of b?
2
Let a(u) = 12*u**2 + 71*u - 932. What is the tens digit of a(-26)?
3
Let s be (-2)/(-3) + -1 + (-76)/(-12). Suppose 0*m - s = -3*m, t + m = 126. Suppose -3*d - 1 + t = 0. What is the units digit of d?
1
Let o = 8242 - 5749. What is the units digit of o?
3
Let d = 24 + -9. Let s be 6/d - (-40)/25. What is the units digit of -45*(0/s + -1)?
5
Suppose 25 = 5*g, 22*m - 20*m + 1184 = -4*g. Let y = m - -627. What is the tens digit of y?
2
Suppose -2*r + 3*i + 19 = -0, 0 = -5*r - i + 5. Let c be (5*(-2 - r - -3))/(-1). Suppose -z + 252 = -3*p, -956 = -4*z + c*p - 6*p. What is the tens digit of z?
4
Suppose 21*q - 340285 = -4*q + 269140. What is the tens digit of q?
7
Suppose k + 4 = 1. Let v be (1612/8)/(k/(-6)). Let s = -270 + v. What is the tens digit of s?
3
Suppose -5*s + 143737 + 63800 = a, -3*s + 4*a = -124513. What is the hundreds digit of s?
5
Let v(p) = 2*p**3 - p**2 + 99. Let m be v(0). Let j = -101 + m. What is the units digit of ((8/(-6))/2)/(j/243)?
1
What is the hundreds digit of (-1134387)/(-81) + (-15)/90*8/(-6)?
0
What is the ten thousands digit of 1*(-6)/(-27) - 66916600/(-1548)?
4
Let w = 141 - 138. Suppose 4*v - 4*n - 451 - 3441 = 0, 2929 = w*v + 2*n. What is the hundreds digit of v?
9
Let a(t) = -t**2 + 12*t - 17. Let c be a(11). Let s be 9/((4/c)/(120/54)). What is the tens digit of (-2388)/s - (-4)/10?
8
Let a = -7348 + 43274. What is the tens digit of a?
2
Let t = 5107 + 5519. What is the hundreds digit of t?
6
Let u = 3613 + -1212. What is the thousands digit of u?
2
Let t be (2 + 6/(-4))/((-4)/16). Let l be (6*t/(-15))/((-12)/(-30)). Suppose 4*i = -l*y + 56, -7 - 119 = -4*y - i. What is the tens digit of y?
3
Let k(i) = -2*i**3 + 13*i**2 + 68*i. Let h be 31/(-7) - (-68)/(-119). What is the tens digit of k(h)?
3
Let y be (36/(-28) - -3)/(2/7). Suppose 24 = 2*r - y. What is the tens digit of (-1954)/(-12) + r/90?
6
Suppose -19*m = -3*m + 192. What is the tens digit of 96 - 3 - 4 - m/(-3)?
8
Suppose 207*s - 252601 = 163262. What is the hundreds digit of s?
0
Suppose -5*q - 4*s + 10362 - 3002 = 0, -q + 4*s = -1448. Suppose -k + q = k. What is the units digit of 1/(k/(-184) - -4)?
2
What is the hundreds digit of 6/(-15) - ((-282557)/55 + 0)?
1
Suppose -27 + 23 = -s. Suppose s*y = -16 + 48. Suppose -15*n = -y*n - 126. What is the tens digit of n?
1
Suppose 110062 = 56*f + 57*f. What is the tens digit of f?
7
Let x = 4254 + -1991. What is the tens digit of x?
6
Let g = 1274 + 5923. What is the units digit of g?
7
Suppose 3*r = 2*h + 6240, 2*h - 8340 = -4*r - 2*h. What is the tens digit of r?
8
Suppose -1 = 11*j - 1. Suppose 3*b + 2 - 5 = j. What is the units digit of ((-8)/(-4) - b)*55?
5
Let d = -27 - -10. Let z(t) = -16*t + 1. What is the hundreds digit of z(d)?
2
Let b = 2961 + 8267. What is the tens digit of b?
2
Let q(b) = -16*b + 31 + 166 - 58. What is the tens digit of q(7)?
2
Let f(w) = -6*w + 80. Let s(n) = n**2 + 15*n + 1. Let z be s(-14). What is the units digit of f(z)?
8
Suppose 3*d + 51181 = 18*d - 25739. What is the thousands digit of d?
5
Let q(l) = 1010*l**3 + 2*l**2 + 3*l - 5. Let z be q(1). Let b = z + -602. What is the tens digit of b?
0
Suppose -u = u + 2*l - 222, l + 210 = 2*u. Let w = u - 102. Suppose -456 - 284 = -w*n. What is the tens digit of n?
4
Suppose -10*v - 5*k = -6*v + 2, 5*v + k = 8. Suppose -s - v*z + 155 = 0, 430 = 3*s - 5*z + 4*z. What is the hundreds digit of s?
1
Let r(k) = -k**3 + 9*k**2 - 4*k + 15. Let z be r(9). Let y = -27 - z. What is the hundreds digit of (-19006)/(-129) - (-1)/y*2?
1
Let w = -2260 + 5740. What is the tens digit of w?
8
Let f = 78 - 57. Let k = f + -68. What is the units digit of (k/(-2))/(-1*2/(-16))?
8
Let r = -42 - -45. Suppose 2*w - d - 9 = 0, r*w - 9 = 4*d + 7. What is the units digit of 163/5 + w/10?
3
Suppose 7*b = 6*b + 4*q + 64950, 2*q = b - 64934. What is the thousands digit of b?
4
Let k(g) = -9*g + 2. Let u be k(1). Let h be u/21 + (-2)/6*41. Let r(f) = -5*f + 34. What is the hundreds digit of r(h)?
1
Suppose 19*n = 23*n - 16. Let q be (0 + 1)*914 + -6 + n. Suppose -q = -11*k - k. What is the tens digit of k?
7
Suppose 5*g - 1478 = 2332. Suppose 4*w - 50 = g. Suppose -3*n + w = q + 4*q, -361 = -5*n + 3*q. What is the tens digit of n?
7
Let f = 88954 + -58499. What is the tens digit of f?
5
Let y = 25 - 28. Let h be 3 + (-30)/12 + (-431)/2. What is the units digit of y/(-24) + h/(-8)?
7
Let l = 11616 - -92. What is the units digit of l?
8
Suppose -u + 39 = 13*h - 10*h, 4*u - 4*h - 76 = 0. Suppose -f + 89 = -0*f. Let r = f - u. What is the tens digit of r?
6
Suppose 4*b + 10 = 2*b. Let x be (-2)/6*(b - -11). Let t = x + 28. What is the tens digit of t?
2
Let y be 0 + -1 - (-1299)/(6 + -9). Let t = -452 + 163. Let r = t - y. What is the hundreds digit of r?
1
Let w(f) = 1445*f**3 + f**2 - 2*f - 2. Let x be w(-1). Let s = x + 2409. Suppose -2*r - s = o - 6*o, -o = -4*r - 211. What is the hundreds digit of o?
1
Let z = 41 - -23. Suppose 4*k - 4*f = -z, 14 = -2*k + f - 14. What is the tens digit of (66/k)/((-1)/18)?
9
Let h(o) be the third derivative of -o**4/24 - 2*o**3/3 + 5*o**2. Let f be h(-10). Suppose -2*l = -0*l - f. What is the units digit of l?
3
What is the units digit of 4870782/495 - (-8)/220?
0
Let w = 2287 + -1541. Let s = w + 63. What is the tens digit of s?
0
Let j be (1 + (-6)/(-4) - 3)*-1118. Suppose 15*q - j = 3086. What is the units digit of q?
3
Let g be (-4)/(-6) - (-16)/3. Let d be (-2 + -2)/(30/(-240)). Suppose -d + 308 = g*f. What is the tens digit of f?
4
Let a be (0 + 1 - 0) + -12 + 12. What is the units digit of 1391 - (2/a - 2)?
1
Let q(w) = 820*w**2 + 444*w - 2729. What is the ten thousands digit of q(6)?
2
Let l be (-189)/(-105) + 2/10. Let h(d) = 3*d**3 + 0*d**3 - l*d + 49 + 45 + d**2 - 4*d**3. What is the tens digit of h(0)?
9
Let a(g) = 271*g + 40. Let f(r) = -815*r - 121. Let h(z) = 7*a(z) + 2*f(z). What is the hundreds digit of h(2)?
5
Suppose -5*r + 43 = -v + 23, 2*v = -4*r + 2. What is the hundreds digit of r + 7 + 575 + 8?
5
Suppose 220*k - 221*k + 577 = 0. Suppose 3*h - 2647 + k = 0. What is the tens digit of h?
9
Suppose 4*r = 5*p - 59, 0*p + 2*p - 14 = 4*r. Suppose -p*t + 10434 = -14586. What is the tens digit of t?
6
Let g be (3/4)/(6/24). Suppose 0*x + g*x = 6, s = -4*x + 13. Suppose f + s*f = 96. What is the tens digit of f?
1
Let y be 503/1 + (-8)/((-8)/5). Let l = y + -426. What is the tens digit of l?
8
Let t be (-3)/1 - 24/(64/(-8)). Suppose 5*b - j = -2*j + 2144, 5*b + 2*j - 2148 = t. What is the units digit of b?
8
Let y(f) = 1. L